r when a is divided by p.
14
Suppose 2*h - 5 = 3*h. Let q = h - -31. Let k = -8 - -17. What is the remainder when q is divided by k?
8
Let d(a) = -15*a - 4. What is the remainder when 100 is divided by d(-2)?
22
Suppose 8*d = 3*d + 65. What is the remainder when d is divided by (4/16)/(2/40)?
3
Let b(p) = p**3 - 11*p**2 + 10*p + 14. Calculate the remainder when 53 is divided by b(10).
11
Let x = -17 + 54. Calculate the remainder when x is divided by 19.
18
Let m = -5 - 11. Let l = m + 27. Suppose 4 = -2*g + 5*z, 0*g = g + 2*z - 7. Calculate the remainder when l is divided by g.
2
Let g(w) = -w**2 - 9*w + 12. Let u be g(-10). Let v(d) = 2*d - 2. Let b be v(6). Let s = b - u. What is the remainder when s is divided by 3?
2
Suppose 0 = -24*d + 14*d + 610. What is the remainder when d is divided by 21?
19
Suppose -3*h = -6, -3*u + 5*h + 38 = -0*u. Calculate the remainder when u is divided by 5.
1
Let v(t) = -2*t - 1. Suppose -3*a + 3 = -4*a. Calculate the remainder when 27 is divided by v(a).
2
Suppose 0 = -2*c + 6*c. Suppose 40 = -c*p + 5*p. What is the remainder when 21 is divided by p?
5
Let t = 66 - 58. Calculate the remainder when t is divided by 6.
2
Let r = 4 - -58. What is the remainder when r is divided by 23?
16
Suppose 11*k + 1360 = 15*k. Calculate the remainder when k is divided by 19.
17
Suppose 22 - 6 = y. What is the remainder when 29 is divided by y?
13
Suppose 3*d - 8 - 7 = 0. Suppose 5*s = -0*s + d. Calculate the remainder when 2 is divided by s.
0
Suppose -52 = 4*f - 112. What is the remainder when f is divided by 9?
6
Suppose 0 = 3*q - 4 - 38. Suppose -129 = -5*t + 3*o, 4*o - 5 - 3 = 0. What is the remainder when t is divided by q?
13
Suppose -f - 2*f + 27 = o, 5*o = 2*f + 67. Let l be (-8 + 5)*338/6. What is the remainder when 2/3 - l/3 is divided by o?
12
Let k be (-2)/(4/7)*-2. Suppose 0 = -k*c + 4*c. Let i = 11 - c. What is the remainder when 32 is divided by i?
10
Let q = 8 - 12. Calculate the remainder when 8 is divided by q*(1 - (-18)/(-8)).
3
Suppose 0*w = 5*w - 390. Calculate the remainder when w is divided by (-3 - 456/(-20)) + (-1)/(-5).
18
Let g(b) = 7 - 5 + 14*b - 7. Calculate the remainder when g(4) is divided by 13.
12
Let k(g) = 55*g + 5. What is the remainder when k(1) is divided by 7?
4
Let v(y) = 5*y + 31. What is the remainder when 26 is divided by v(-4)?
4
Let l = 30 - 21. Suppose 0 = -3*o + 5*q + l, -3*o + 2*o = 2*q - 3. What is the remainder when 8 is divided by o?
2
Suppose -p = 2*q - 6, -10 = -2*p - 3*q + 4. Calculate the remainder when p is divided by 4.
2
Let z(w) = -7*w + 5 + 7 - 15 - w**2. What is the remainder when 7 is divided by z(-6)?
1
Suppose -55 - 5 = -5*g. Let l = g + -7. Suppose 2*r - 1 = l. Calculate the remainder when 7 is divided by r.
1
Let j = -55 + 65. What is the remainder when 57 is divided by j?
7
Let h be (-6)/3 - (-7 + 1). Suppose -3*j = -1 + h. Let y(r) = -16*r**3 - r. Calculate the remainder when 50 is divided by y(j).
16
Suppose 0 = n + 3 - 5. What is the remainder when 13 is divided by (-1)/((-2)/20*n)?
3
Let i be 3*-4*1/(-3). Suppose -3*s + i*v + 8 = s, 5*s - 4*v = 12. Calculate the remainder when (-22)/8*(-2 - 2) is divided by s.
3
Suppose -3*f - 15 = 0, 2*q + 2*f - 2 = 18. What is the remainder when q is divided by 6?
3
Suppose p - 2*f - 39 = 0, -3*p - 2*f = 28 - 177. Calculate the remainder when p is divided by (72/(-20))/(9/(-60)).
23
Let y = 126 - 72. What is the remainder when y is divided by 19?
16
Let x = -77 - -114. What is the remainder when x is divided by 19?
18
Let w be 1/2*(5 - 1). Suppose w*f - 1 = 11. What is the remainder when 10 is divided by f?
4
Suppose h + 9 = -u - 2*u, 2*h = u + 17. Calculate the remainder when h is divided by 2.
0
Suppose 198 = 3*l - 45. Calculate the remainder when l is divided by 12.
9
Let k = 90 + -20. Suppose -14*m - 18 = -15*m. What is the remainder when k is divided by m?
16
Suppose -4*d = -3 - 9. Suppose 134 = -d*o + 5*o - 2*b, -5*o + 3*b + 345 = 0. Let x = o - 47. What is the remainder when x is divided by 13?
12
Suppose -4*m - 70 = -5*o, -7 = -3*m + 8. Let q(h) = 6*h**2 + 3*h + 3. Calculate the remainder when q(-4) is divided by o.
15
Let o = -4 + 4. What is the remainder when 32 is divided by 34/(o + 1 + 1)?
15
Let h be 7/2*12/7. Suppose 0 = m - h*m + 40. Calculate the remainder when 14 is divided by m.
6
Suppose 4*k + 3 = 7*k. Calculate the remainder when (k - -2)*(-16)/(-3) is divided by 6.
4
Let o be -10 + -148 - (1 + 1). Let l = -45 - o. Calculate the remainder when l is divided by 29.
28
Suppose 0 = t + 4*t - 95. Let c(y) be the first derivative of y**2/2 - 1. What is the remainder when t is divided by c(7)?
5
Let h = -24 - -31. Calculate the remainder when 34 is divided by h.
6
Let t(f) = -2*f**3 + 11 + 12*f + 11*f**2 + 3*f**3 - 10*f + 8*f. What is the remainder when 20 is divided by t(-10)?
9
Let r(w) = -23*w + 3. Let i be (-1 - 3)*(-2)/(-4). Calculate the remainder when r(i) is divided by 25.
24
Suppose 4*b = -12, -2*p + 5*b = 24 - 147. Suppose -4*q + 224 = -l, 2*q - p = -5*l + 36. Let d = 19 - 5. Calculate the remainder when q is divided by d.
13
Let u be 15/2*(-4)/(-5). Calculate the remainder when -1 + -1 - (-132)/u is divided by 7.
6
Let u be (-4)/6 + 16/6. Suppose -u*g = 5*o - 3 - 21, -36 = -5*o + 2*g. Suppose -2*v - 40 = -o*v. What is the remainder when v is divided by 3?
1
Suppose 0 = 3*m - 3*b - 33, -4*m + 44 = -2*b + b. Calculate the remainder when 19 is divided by m.
8
Suppose 2*i = -d + 621, -3*d + 927 = -i + 4*i. Calculate the remainder when 64 is divided by 8/(-28) + i/14.
20
Suppose 0 = 10*a + 6*a - 608. Calculate the remainder when a is divided by (-98)/(-5) - 2/(-5).
18
Let f(y) = -2*y**3 - 3*y**2 + 3*y - 4. Suppose 0*p = -3*p - 9. Suppose -j + 16 = -11. What is the remainder when j is divided by f(p)?
13
Suppose t = 3*p - p + 9, 5*t = 2*p + 61. Let h = t + 1. Calculate the remainder when -10*(-4)/(-6)*-6 is divided by h.
12
Suppose 3*g - 42 = -0*g + 3*l, 2*g + l - 40 = 0. Calculate the remainder when 89 is divided by g.
17
Let c be (-13)/5 - 2/5. Let w be (-6)/(-4)*8/c. Let v(a) = a + 8. Calculate the remainder when v(w) is divided by 3.
1
Let h = 10 - 9. Calculate the remainder when 46 is divided by ((-8)/(-6))/(h/9).
10
Let r = -1 - -3. Suppose 0 = -r*o - 3*i - 5, -2*i = 5*o - 0*i - 15. Calculate the remainder when 28 is divided by 3/6*o*6.
13
Suppose -5*j = -3*l - 5, 2*l = -0*l - 3*j + 3. Suppose -w - w + 56 = l. Let t = 43 - w. Calculate the remainder when 57 is divided by t.
12
Let f = 41 + -24. Let x(l) = -2*l**3 - 4*l**2 - 4*l - 2. What is the remainder when f is divided by x(-2)?
5
Let u be 2 - -20 - 1*-1. Let o = u + -9. Let v = -9 - -14. What is the remainder when o is divided by v?
4
Suppose 0*g = -2*g. Suppose o + 18 - 6 = g. Let t = o + 31. Calculate the remainder when t is divided by 7.
5
Suppose 3*x - 3 = 36. Let u = 63 + -29. What is the remainder when u is divided by (1 - 0)*-1 + x?
10
Let x = -133 + 222. What is the remainder when x is divided by 13?
11
Let q(k) = k**2 + 7*k + 6. Let n be q(-6). Let p = n + -1. Let z = p - -6. What is the remainder when 9 is divided by z?
4
Let a = 0 - -4. Suppose 5*y = 0, -p - a*y + 0 + 17 = 0. What is the remainder when 50 is divided by p?
16
Let x = 117 + -48. Calculate the remainder when x is divided by 37.
32
Let f(n) = 10*n - 5. Suppose -4*m + 8*m = 12. What is the remainder when 97 is divided by f(m)?
22
Let y = 62 - 56. Calculate the remainder when 35 is divided by y.
5
Suppose 4*b - 10 = 2*b. Let i = -2 + 2. Let r = 13 + i. What is the remainder when r is divided by b?
3
Suppose -2*j - 5*z = -153, -z + 340 = 5*j + 3*z. Calculate the remainder when j is divided by 17.
13
Let s(g) = -g**3 - 4*g**2 - 2*g - 7. What is the remainder when s(-5) is divided by 6/(-10) - 1166/(-110)?
8
Let t(j) = 10*j - 2. Let i(y) = -y. Let x be i(-7). Let s = x + 0. What is the remainder when t(2) is divided by s?
4
Calculate the remainder when (7 + -3 - 4) + 34 is divided by 9.
7
Suppose 4*l = -l, 2*g - l - 90 = 0. Suppose 2*s - 20 - 4 = 2*q, 5*q + 44 = 3*s. Let o = s + 4. What is the remainder when g is divided by o?
9
Suppose 7*n - 2*n = 100. Calculate the remainder when 75 is divided by n.
15
Let t(o) = -12*o - 1. Let w be t(-2). Let q = 131 + -60. Suppose